{"id":75,"date":"2021-11-22T12:02:45","date_gmt":"2021-11-22T12:02:45","guid":{"rendered":"https:\/\/robertocastricini.it\/?page_id=75"},"modified":"2025-09-09T07:04:46","modified_gmt":"2025-09-09T06:04:46","slug":"informazioni-professionali-curriculum-vitae","status":"publish","type":"page","link":"https:\/\/robertocastricini.it\/index.php\/informazioni-professionali-curriculum-vitae\/","title":{"rendered":"Informazioni"},"content":{"rendered":"\n<div class=\"wp-block-group\"><div class=\"wp-block-group__inner-container is-layout-flow wp-block-group-is-layout-flow\">\n<div class=\"wp-block-columns is-layout-flex wp-container-core-columns-is-layout-28f84493 wp-block-columns-is-layout-flex\">\n<div class=\"wp-block-column is-layout-flow wp-block-column-is-layout-flow\" style=\"flex-basis:90%\">\n<p class=\"has-text-align-center\"><\/p>\n<\/div>\n<\/div>\n<\/div><\/div>\n\n\n\n<p class=\"has-text-align-center\">Nato a\u00a0<strong>Tolentino<\/strong>, provincia di Macerata, il 18\/04\/1963, nel 1982 ho conseguito il\u00a0 Diploma\u00a0 di\u00a0 Maturit\u00e0\u00a0 Classica\u00a0 e mi sono iscritto alla Facolt\u00e0 di Medicina e Chirurgia della Universit\u00e0 degli Studi di Ancona.<\/p>\n\n\n\n<p class=\"has-text-align-center\"> Nel 1989 ho conseguito la\u00a0<strong>Laurea in Medicina e Chirurgia<\/strong>\u00a0con il\u00a0<strong>massimo dei voti<\/strong>\u00a0presso la Facolt\u00e0 degli Studi di Ancona. <\/p>\n\n\n\n<p class=\"has-text-align-center\">Nel 1994 ho completato la\u00a0<strong>Specializzazione in Ortopedia e Traumatologia, con il massimo dei voti<\/strong>\u00a0presso la Facolt\u00e0 degli Studi di Ancona. Nel 1996 ho vinto l\u2019avviso \u00a0pubblico per titoli in Ortopedia e Traumatologia presso l\u2019ASL 5 di\u00a0<strong>Jesi<\/strong>, dove ho lavorato come\u00a0<strong>dirigente medico fino al 2009<\/strong>, assumendo nel 2009 l\u2019incarico di\u00a0<strong>direzione di struttura<\/strong>\u00a0semplice\u00a0<em>\u201cChirurgia della Spalla\u201d<\/em>. <\/p>\n\n\n\n<p class=\"has-text-align-center\">Nel 2009 ho lasciato l\u2019ospedale pubblico per iniziare una collaborazione con la\u00a0<strong>Casa di Cura Privata Villa Verde di Fermo<\/strong>, con l\u2019incarico di Responsabile per l\u2019Ortopedia. Collaboro anche con la\u00a0<strong>Casa di Cura Villa dei Pini<\/strong>\u00a0di Civitanova Marche, con la <strong>Casa di Cura Villa Igea<\/strong> di Ancona e con\u00a0<strong>Maria Cecilia Hospital<\/strong>\u00a0di Cotignola. <\/p>\n\n\n\n<p class=\"has-text-align-center\">Sono membro della Societ\u00e0 Italiana di Ortopedia e Traumatologia (SIOT), della Societ\u00e0 Italiana Chirurgia Spalla e Gomito (SICSeG) e della Societ\u00e0 Italiana Artroscopia, Ginocchio, Arto Superiore, Sport, Cartilagine, Tecniche Ortopediche (SIAGASCOT); membro ordinario della Societ\u00e0 europea di chirurgica della spalla e del gomito ( SECEC-ESSSE) . <\/p>\n\n\n\n<p class=\"has-text-align-center\">Dal 2021 sono membro del Consiglio Direttivo della SICSeG, attualmente ricopro l\u2019incarico di Segretario. Nel 2021 assumo incarico di Professore a contratto presso la Scuola di Specializzazione di Ortopedia e Traumatologia dell\u2019Universit\u00e0 degli\u00a0 Studi Magna Graecia di Catanzaro. Sono Docente Master Universitario II Livello Chirurgia di spalla e gomito, UNICAMILLUS Roma.<\/p>\n\n\n\n<div class=\"wp-block-columns is-layout-flex wp-container-core-columns-is-layout-28f84493 wp-block-columns-is-layout-flex\">\n<div class=\"wp-block-column is-layout-flow wp-block-column-is-layout-flow\" style=\"flex-basis:90%\"><\/div>\n<\/div>\n\n\n\n<div class=\"wp-block-columns is-layout-flex wp-container-core-columns-is-layout-28f84493 wp-block-columns-is-layout-flex\">\n<div class=\"wp-block-column is-layout-flow wp-block-column-is-layout-flow\" style=\"flex-basis:100%\">\n<div class=\"wp-block-columns is-layout-flex wp-container-core-columns-is-layout-28f84493 wp-block-columns-is-layout-flex\"><\/div>\n<\/div>\n<\/div>\n\n\n\n<p><\/p>\n\n\n\n<h2 class=\"wp-block-heading\"><\/h2>\n","protected":false},"excerpt":{"rendered":"<p>Nato a\u00a0Tolentino, provincia di Macerata, il 18\/04\/1963, nel 1982 ho conseguito il\u00a0 Diploma\u00a0 di\u00a0 Maturit\u00e0\u00a0 Classica\u00a0 e mi sono iscritto alla Facolt\u00e0 di Medicina e Chirurgia della Universit\u00e0 degli Studi di Ancona. Nel 1989 ho conseguito la\u00a0Laurea in Medicina e Chirurgia\u00a0con il\u00a0massimo dei voti\u00a0presso la Facolt\u00e0 degli Studi di Ancona. Nel 1994 ho completato la\u00a0Specializzazione in Ortopedia e Traumatologia, con il massimo dei voti\u00a0presso la Facolt\u00e0 degli Studi di Ancona. Nel 1996 ho vinto l\u2019avviso \u00a0pubblico per titoli in Ortopedia e Traumatologia presso l\u2019ASL 5 di\u00a0Jesi, dove ho lavorato come\u00a0dirigente medico fino al 2009, assumendo nel 2009 l\u2019incarico di\u00a0direzione di struttura\u00a0semplice\u00a0\u201cChirurgia della Spalla\u201d. Nel 2009 ho lasciato l\u2019ospedale pubblico per iniziare una collaborazione con la\u00a0Casa di Cura Privata Villa Verde di Fermo, con l\u2019incarico di Responsabile per l\u2019Ortopedia. Collaboro anche con la\u00a0Casa di Cura Villa dei Pini\u00a0di Civitanova Marche, con la Casa di Cura Villa Igea di Ancona e con\u00a0Maria Cecilia Hospital\u00a0di Cotignola. Sono membro della Societ\u00e0 Italiana di Ortopedia e Traumatologia (SIOT), della Societ\u00e0 Italiana Chirurgia Spalla e Gomito (SICSeG) e della Societ\u00e0 Italiana Artroscopia, Ginocchio, Arto Superiore, Sport, Cartilagine, Tecniche Ortopediche (SIAGASCOT); membro ordinario della Societ\u00e0 europea di chirurgica della spalla e del gomito ( SECEC-ESSSE) . Dal 2021 sono membro del Consiglio Direttivo della SICSeG, attualmente ricopro l\u2019incarico di Segretario. Nel 2021 assumo incarico di Professore a contratto presso la Scuola di Specializzazione di Ortopedia e Traumatologia dell\u2019Universit\u00e0 degli\u00a0 Studi Magna Graecia di Catanzaro. Sono Docente Master Universitario II Livello Chirurgia di spalla e gomito, UNICAMILLUS Roma.<\/p>\n","protected":false},"author":1,"featured_media":0,"parent":0,"menu_order":0,"comment_status":"closed","ping_status":"closed","template":"","meta":{"footnotes":""},"class_list":["post-75","page","type-page","status-publish","hentry"],"yoast_head":"<!-- This site is optimized with the Yoast SEO plugin v27.6 - https:\/\/yoast.com\/product\/yoast-seo-wordpress\/ -->\n<title>Informazioni - Roberto Castricini<\/title>\n<meta name=\"description\" content=\"Informazioni professionali, curriculum vitae. Dr. Roberto Castricini specialista in ortopedia della spalla.\" \/>\n<meta name=\"robots\" content=\"noindex, follow\" \/>\n<meta property=\"og:locale\" content=\"it_IT\" \/>\n<meta property=\"og:type\" content=\"article\" \/>\n<meta property=\"og:title\" content=\"Informazioni - Roberto Castricini\" \/>\n<meta property=\"og:description\" content=\"Informazioni professionali, curriculum vitae. Dr. Roberto Castricini specialista in ortopedia della spalla.\" \/>\n<meta property=\"og:url\" content=\"https:\/\/robertocastricini.it\/index.php\/informazioni-professionali-curriculum-vitae\/\" \/>\n<meta property=\"og:site_name\" content=\"Roberto Castricini\" \/>\n<meta property=\"article:modified_time\" content=\"2025-09-09T06:04:46+00:00\" \/>\n<meta name=\"twitter:card\" content=\"summary_large_image\" \/>\n<meta name=\"twitter:label1\" content=\"Tempo di lettura stimato\" \/>\n\t<meta name=\"twitter:data1\" content=\"2 minuti\" \/>\n<script type=\"application\/ld+json\" class=\"yoast-schema-graph\">{\"@context\":\"https:\\\/\\\/schema.org\",\"@graph\":[{\"@type\":[\"WebPage\",\"MedicalWebPage\"],\"@id\":\"https:\\\/\\\/robertocastricini.it\\\/index.php\\\/informazioni-professionali-curriculum-vitae\\\/\",\"url\":\"https:\\\/\\\/robertocastricini.it\\\/index.php\\\/informazioni-professionali-curriculum-vitae\\\/\",\"name\":\"Informazioni - Roberto Castricini\",\"isPartOf\":{\"@id\":\"https:\\\/\\\/robertocastricini.it\\\/#website\"},\"datePublished\":\"2021-11-22T12:02:45+00:00\",\"dateModified\":\"2025-09-09T06:04:46+00:00\",\"description\":\"Informazioni professionali, curriculum vitae. Dr. Roberto Castricini specialista in ortopedia della spalla.\",\"breadcrumb\":{\"@id\":\"https:\\\/\\\/robertocastricini.it\\\/index.php\\\/informazioni-professionali-curriculum-vitae\\\/#breadcrumb\"},\"inLanguage\":\"it-IT\",\"potentialAction\":[{\"@type\":\"ReadAction\",\"target\":[\"https:\\\/\\\/robertocastricini.it\\\/index.php\\\/informazioni-professionali-curriculum-vitae\\\/\"]}]},{\"@type\":\"BreadcrumbList\",\"@id\":\"https:\\\/\\\/robertocastricini.it\\\/index.php\\\/informazioni-professionali-curriculum-vitae\\\/#breadcrumb\",\"itemListElement\":[{\"@type\":\"ListItem\",\"position\":1,\"name\":\"Home\",\"item\":\"https:\\\/\\\/robertocastricini.it\\\/\"},{\"@type\":\"ListItem\",\"position\":2,\"name\":\"Informazioni\"}]},{\"@type\":\"WebSite\",\"@id\":\"https:\\\/\\\/robertocastricini.it\\\/#website\",\"url\":\"https:\\\/\\\/robertocastricini.it\\\/\",\"name\":\"Roberto Castricini\",\"description\":\"Specialista per la spalla\",\"publisher\":{\"@id\":\"https:\\\/\\\/robertocastricini.it\\\/#\\\/schema\\\/person\\\/c8445f14ffdbf7a88c578738b6c94844\"},\"potentialAction\":[{\"@type\":\"SearchAction\",\"target\":{\"@type\":\"EntryPoint\",\"urlTemplate\":\"https:\\\/\\\/robertocastricini.it\\\/?s={search_term_string}\"},\"query-input\":{\"@type\":\"PropertyValueSpecification\",\"valueRequired\":true,\"valueName\":\"search_term_string\"}}],\"inLanguage\":\"it-IT\"},{\"@type\":[\"Person\",\"Organization\"],\"@id\":\"https:\\\/\\\/robertocastricini.it\\\/#\\\/schema\\\/person\\\/c8445f14ffdbf7a88c578738b6c94844\",\"name\":\"admin\",\"image\":{\"@type\":\"ImageObject\",\"inLanguage\":\"it-IT\",\"@id\":\"https:\\\/\\\/robertocastricini.it\\\/wp-content\\\/uploads\\\/2021\\\/11\\\/Info_foto-e1639344635874.jpg\",\"url\":\"https:\\\/\\\/robertocastricini.it\\\/wp-content\\\/uploads\\\/2021\\\/11\\\/Info_foto-e1639344635874.jpg\",\"contentUrl\":\"https:\\\/\\\/robertocastricini.it\\\/wp-content\\\/uploads\\\/2021\\\/11\\\/Info_foto-e1639344635874.jpg\",\"width\":202,\"height\":185,\"caption\":\"admin\"},\"logo\":{\"@id\":\"https:\\\/\\\/robertocastricini.it\\\/wp-content\\\/uploads\\\/2021\\\/11\\\/Info_foto-e1639344635874.jpg\"},\"sameAs\":[\"https:\\\/\\\/robertocastricini.it\"]}]}<\/script>\n<!-- \/ Yoast SEO plugin. -->","yoast_head_json":{"title":"Informazioni - Roberto Castricini","description":"Informazioni professionali, curriculum vitae. Dr. Roberto Castricini specialista in ortopedia della spalla.","robots":{"index":"noindex","follow":"follow"},"og_locale":"it_IT","og_type":"article","og_title":"Informazioni - Roberto Castricini","og_description":"Informazioni professionali, curriculum vitae. Dr. Roberto Castricini specialista in ortopedia della spalla.","og_url":"https:\/\/robertocastricini.it\/index.php\/informazioni-professionali-curriculum-vitae\/","og_site_name":"Roberto Castricini","article_modified_time":"2025-09-09T06:04:46+00:00","twitter_card":"summary_large_image","twitter_misc":{"Tempo di lettura stimato":"2 minuti"},"schema":{"@context":"https:\/\/schema.org","@graph":[{"@type":["WebPage","MedicalWebPage"],"@id":"https:\/\/robertocastricini.it\/index.php\/informazioni-professionali-curriculum-vitae\/","url":"https:\/\/robertocastricini.it\/index.php\/informazioni-professionali-curriculum-vitae\/","name":"Informazioni - Roberto Castricini","isPartOf":{"@id":"https:\/\/robertocastricini.it\/#website"},"datePublished":"2021-11-22T12:02:45+00:00","dateModified":"2025-09-09T06:04:46+00:00","description":"Informazioni professionali, curriculum vitae. Dr. Roberto Castricini specialista in ortopedia della spalla.","breadcrumb":{"@id":"https:\/\/robertocastricini.it\/index.php\/informazioni-professionali-curriculum-vitae\/#breadcrumb"},"inLanguage":"it-IT","potentialAction":[{"@type":"ReadAction","target":["https:\/\/robertocastricini.it\/index.php\/informazioni-professionali-curriculum-vitae\/"]}]},{"@type":"BreadcrumbList","@id":"https:\/\/robertocastricini.it\/index.php\/informazioni-professionali-curriculum-vitae\/#breadcrumb","itemListElement":[{"@type":"ListItem","position":1,"name":"Home","item":"https:\/\/robertocastricini.it\/"},{"@type":"ListItem","position":2,"name":"Informazioni"}]},{"@type":"WebSite","@id":"https:\/\/robertocastricini.it\/#website","url":"https:\/\/robertocastricini.it\/","name":"Roberto Castricini","description":"Specialista per la spalla","publisher":{"@id":"https:\/\/robertocastricini.it\/#\/schema\/person\/c8445f14ffdbf7a88c578738b6c94844"},"potentialAction":[{"@type":"SearchAction","target":{"@type":"EntryPoint","urlTemplate":"https:\/\/robertocastricini.it\/?s={search_term_string}"},"query-input":{"@type":"PropertyValueSpecification","valueRequired":true,"valueName":"search_term_string"}}],"inLanguage":"it-IT"},{"@type":["Person","Organization"],"@id":"https:\/\/robertocastricini.it\/#\/schema\/person\/c8445f14ffdbf7a88c578738b6c94844","name":"admin","image":{"@type":"ImageObject","inLanguage":"it-IT","@id":"https:\/\/robertocastricini.it\/wp-content\/uploads\/2021\/11\/Info_foto-e1639344635874.jpg","url":"https:\/\/robertocastricini.it\/wp-content\/uploads\/2021\/11\/Info_foto-e1639344635874.jpg","contentUrl":"https:\/\/robertocastricini.it\/wp-content\/uploads\/2021\/11\/Info_foto-e1639344635874.jpg","width":202,"height":185,"caption":"admin"},"logo":{"@id":"https:\/\/robertocastricini.it\/wp-content\/uploads\/2021\/11\/Info_foto-e1639344635874.jpg"},"sameAs":["https:\/\/robertocastricini.it"]}]}},"jetpack_sharing_enabled":true,"_links":{"self":[{"href":"https:\/\/robertocastricini.it\/index.php\/wp-json\/wp\/v2\/pages\/75","targetHints":{"allow":["GET"]}}],"collection":[{"href":"https:\/\/robertocastricini.it\/index.php\/wp-json\/wp\/v2\/pages"}],"about":[{"href":"https:\/\/robertocastricini.it\/index.php\/wp-json\/wp\/v2\/types\/page"}],"author":[{"embeddable":true,"href":"https:\/\/robertocastricini.it\/index.php\/wp-json\/wp\/v2\/users\/1"}],"replies":[{"embeddable":true,"href":"https:\/\/robertocastricini.it\/index.php\/wp-json\/wp\/v2\/comments?post=75"}],"version-history":[{"count":26,"href":"https:\/\/robertocastricini.it\/index.php\/wp-json\/wp\/v2\/pages\/75\/revisions"}],"predecessor-version":[{"id":393,"href":"https:\/\/robertocastricini.it\/index.php\/wp-json\/wp\/v2\/pages\/75\/revisions\/393"}],"wp:attachment":[{"href":"https:\/\/robertocastricini.it\/index.php\/wp-json\/wp\/v2\/media?parent=75"}],"curies":[{"name":"wp","href":"https:\/\/api.w.org\/{rel}","templated":true}]}}